 Determine q(15).
-3
Let j(q) = -q**2 - 17*q + 683. Determine j(-36).
-1
Let p(m) = 14*m + 81. Give p(-2).
53
Let t(u) = u**2 - 198*u - 2513. Give t(-12).
7
Let y(f) = -230*f + 20016. What is y(87)?
6
Let g(t) = -2*t**3 + 13*t**2 + 263*t - 1793. Calculate g(7).
-1
Let b(c) = 12*c**2 - 95*c - 55. Give b(8).
-47
Let h(q) = -2*q**2 + 52*q + 51. Give h(26).
51
Let o(k) = 783*k + 3894. Calculate o(-5).
-21
Let t(a) = 23*a**2 + 1934*a + 145. What is t(-84)?
-23
Let v(a) = 9*a**2 - 527*a + 1054. Calculate v(2).
36
Let v(t) = -t**3 + 38*t**2 - 47*t + 376. What is v(37)?
6
Let w(m) = -66*m + 393. Determine w(9).
-201
Let t(j) = -2*j**2 - 47*j - 66. Determine t(-23).
-43
Let g(b) = 6*b**2 - 4133*b - 4133. What is g(-1)?
6
Let g(n) = 4257*n - 16951. Give g(4).
77
Let v(w) = -w**2 + 14*w + 90. Calculate v(-5).
-5
Let l(w) = 8169*w + 40838. Calculate l(-5).
-7
Let o(r) = -r**2 + 9*r - 35. Give o(6).
-17
Let n(w) = -w**3 - 22*w**2 + 78*w + 1704. Calculate n(-22).
-12
Let k(l) = 14658*l - 146585. What is k(10)?
-5
Let b(h) = 2*h**2 + 2*h + 18. What is b(10)?
238
Let s(o) = -78*o**2 - 4*o + 3. Give s(-1).
-71
Let b(i) = 3*i**3 + 20*i**2 - 15*i - 7. What is b(-9)?
-439
Let h(b) = -b**2 + 79*b - 441. Give h(6).
-3
Let v(s) = 3*s**3 - 23*s**2 + 107. Determine v(7).
9
Let l(f) = -480*f - 3294. Give l(-7).
66
Let l(r) = -22*r**2 + 27*r. Determine l(-3).
-279
Let q(l) = -113*l - 2707. Determine q(-24).
5
Let w(r) = -19*r**2 - 13*r + 27. Determine w(4).
-329
Let g(s) = s**3 + 6*s**2 - 11*s - 29. What is g(-4)?
47
Let d(u) = 2255*u - 6769. Determine d(3).
-4
Let v(q) = 289*q + 1117. Determine v(-6).
-617
Let m(q) = -139*q - 334. Calculate m(-4).
222
Let y(b) = -231*b + 23548. Give y(102).
-14
Let l(t) = -6*t**2 + 315*t - 167. What is l(52)?
-11
Let j(n) = -n**3 - 5*n**2 + 36*n + 189. Calculate j(-6).
9
Let d(k) = -2*k**3 + 10*k**2 - 105*k + 515. Calculate d(5).
-10
Let k(s) = -2*s**2 - 138*s + 12240. Give k(51).
0
Let q(f) = f**3 + 12*f**2 + 26*f - 57. What is q(-8)?
-9
Let m(y) = -3*y**2 - 653*y - 1297. Give m(-2).
-3
Let u(l) = -43*l + 1783. What is u(42)?
-23
Let i(u) = -41*u + 182. Determine i(5).
-23
Let m(c) = -931*c - 125681. Calculate m(-135).
4
Let a(j) = 81*j - 276. What is a(5)?
129
Let u(f) = -f**3 + 62*f**2 + 588*f - 1956. Calculate u(70).
4
Let i(a) = -2*a**3 + 96*a**2 + 200*a + 11. Determine i(-2).
11
Let l(o) = 2*o**3 + 81*o**2 - 44*o - 181. Give l(-41).
-58
Let r(b) = b**2 - 742*b + 5867. Calculate r(8).
-5
Let q(y) = y**3 + 5*y**2 - 21*y - 10. Determine q(-8).
-34
Let r(l) = l**3 - 7*l**2 + l + 56. Calculate r(8).
128
Let a(z) = -z**3 - 4*z**2 - 14*z - 12. Calculate a(-2).
8
Let k(v) = 59*v**2 - 7*v - 8. Calculate k(-1).
58
Let t(m) = m**2 - 15*m + 64. Calculate t(19).
140
Let c(x) = -13*x + 49. Calculate c(27).
-302
Let u(v) = -v**3 - 22*v**2 + 139*v + 43. What is u(-27)?
-65
Let o(u) = -6*u**2 - 177*u + 374. Calculate o(2).
-4
Let c(a) = 3*a**3 + 12*a**2 - a - 9. Calculate c(-5).
-79
Let o(v) = -67*v**2 - 7*v + 5. Determine o(1).
-69
Let g(y) = 2*y**2 - 33*y - 289. Determine g(-7).
40
Let k(c) = -15*c - 69. What is k(-15)?
156
Let t(b) = -9*b - 11. Give t(0).
-11
Let h(u) = 20*u + 2478. Give h(-116).
158
Let g(b) = 4*b**2 - 172*b + 429. What is g(40)?
-51
Let l(o) = 8*o**3 + 4*o**2 + 10*o + 7. Calculate l(-3).
-203
Let y(j) = 3*j**2 - 17*j - 17. Give y(7).
11
Let j(b) = -3*b**2 - b + 64. What is j(-10)?
-226
Let h(d) = 123*d + 6027. Give h(-49).
0
Let c(p) = p**3 + 5*p**2 - 271*p - 1331. Give c(-5).
24
Let x(c) = -c**2 + 10*c + 353. Calculate x(21).
122
Let d(g) = -37*g + 66. Give d(14).
-452
Let d(g) = 2*g**3 - 69*g**2 + 40*g - 227. Calculate d(34).
-23
Let x(w) = w**3 + 20*w**2 - 23*w - 19. Give x(-21).
23
Let a(k) = 515*k - 4116. Calculate a(8).
4
Let v(d) = 30*d - 914. Give v(26).
-134
Let t(u) = 3*u**3 - 27*u + 63. What is t(3)?
63
Let d(u) = 2*u**3 + 4*u**2 - 17*u + 51. Give d(-5).
-14
Let s(i) = -i**3 + 10*i**2 - 5*i + 9. What is s(4)?
85
Let r(y) = 16*y + 125. Give r(7).
237
Let t(y) = -10*y**2 - 61*y - 9. What is t(-6)?
-3
Let a(o) = 103*o - 2530. Give a(25).
45
Let x(p) = -p**3 - 5*p**2 - 7*p - 28. What is x(-6)?
50
Let m(g) = -7*g**3 + 16*g**2 - 6*g + 3. Calculate m(2).
-1
Let p(n) = n**3 - 43*n**2 + 108*n - 1061. Give p(41).
5
Let u(j) = -33*j**2 - 8*j - 11. Determine u(-2).
-127
Let z(n) = -104*n + 20. Calculate z(0).
20
Let h(i) = i**3 + 5*i**2 + i + 38. Give h(-6).
-4
Let i(h) = h**2 - 26*h + 109. Give i(15).
-56
Let u(y) = 18*y - 115. Determine u(8).
29
Let b(m) = -39*m + 99. What is b(4)?
-57
Let s(m) = -10*m**2 + 887*m + 213. Calculate s(89).
-54
Let l(a) = 19*a + 382. Give l(-20).
2
Let j(i) = -i**3 + 5*i**2 - i + 63. What is j(0)?
63
Let k(b) = -278*b - 22229. Determine k(-80).
11
Let j(o) = -2*o**3 + 52*o**2 + 63*o - 1633. Determine j(26).
5
Let n(k) = 4*k**2 + 22*k + 41. What is n(-5)?
31
Let y(d) = -2*d**3 - 110*d**2 + 1010*d - 17. Calculate y(8).
-1
Let f(z) = 13*z**3 + 287*z**2 + 30*z + 171. Determine f(-22).
-5
Let l(k) = -454*k**2 + 3180*k - 16. Calculate l(7).
-2
Let y(a) = 6*a**2 - 166*a - 20. Give y(28).
36
Let c(p) = p**3 - 73*p**2 - p + 67. Give c(73).
-6
Let g(s) = s**2 + 91*s + 1795. Determine g(-63).
31
Let w(j) = -3*j**2 + 41*j + 216. Determine w(21).
-246
Let u(b) = -8*b**2 - 1113*b - 1221. Give u(-138).
21
Let y(z) = 18*z**2 + 918*z + 7376. Calculate y(-10).
-4
Let h(m) = m**3 + 51*m**2 - 163*m - 55. Calculate h(-54).
-1
Let b(y) = 9*y**2 - 58*y - 376. Determine b(-4).
0
Let z(q) = 1302*q + 93729. What is z(-72)?
-15
Let m(s) = -1393*s - 2781. What is m(-2)?
5
Let d(p) = 484*p - 790. Determine d(2).
178
Let t(r) = -2*r**2 + 9*r + 1. Calculate t(0).
1
Let t(v) = 6*v**2 - 313*v - 3301. Determine t(-9).
2
Let g(v) = 48*v - 487. What is g(7)?
-151
Let k(u) = 15*u**2 + 122*u + 130. Determine k(-7).
11
Let b(o) = 6*o**3 - 4*o**2 - 5*o - 2. Give b(-2).
-56
Let x(z) = 794*z + 39712. Determine x(-50).
12
Let b(f) = -3*f**2 + 4*f + 84. What is b(-11)?
-323
Let k(c) = -81*c - 1623. Determine k(-20).
-3
Let r(x) = -x**2 - 34*x - 134. What is r(-5)?
11
Let k(y) = -2*y**2 - 26*y - 154. Calculate k(-5).
-74
Let q(f) = -f**2 + 2737*f - 197068. Determine q(74).
-6
Let f(b) = 56*b + 36. What is f(-2)?
-76
Let k(m) = 2*m**2 + 7*m - 28. Give k(5).
57
Let n(a) = a**3 + 22*a**2 + 125*a + 83. Give n(-13).
-21
Let f(y) = -816*y - 2. What is f(0)?
-2
Let j(r) = -r**2 + 45*r - 366. Determine j(10).
-16
Let v(c) = 213*c - 4426. Give v(21).
47
Let f(z) = -2*z**3 + 65*z**2 + 36*z - 82. What is f(33)?
17
Let d(z) = -2674*z - 4. Give d(0).
-4
Let x(j) = 5*j**3 - 86*j**2 + 162*j + 41. Calculate x(15).
-4
Let f(d) = -d**3 + 61*d**2 - 262*d - 945. Give f(56).
63
Let d(x) = -137*x + 57. Calculate d(-2).
331
Let t(n) = -5*n + 209. What is t(43)?
-6
Let k(i) = i**3 + 25*i**2 + 21*i + 11. Calculate k(-24).
83
Let m(u) = -3*u**3 - 126*u**2 + u + 45. Give m(-42).
3
Let r(o) = o**3 + 14*o**2 - 88*o - 21. Determine r(0).
-21
Let c(w) = -2*w**3 - 6*w**2 + 122*w - 206. Calculate c(5).
4
Let s(q) = -q**3 + 9*q**2 - 12*q + 285. Determine s(14).
-863
Let i(f) = f**2 + 14*f - 419. Determine i(15).
16
Let j(o) = 96*o - 442. What is j(5)?
38
Let v(j) = -j**3 + 74*j**2 - 349*j + 4849. What is v(70)?
19
Let g(y) = 4*y**2 - 45*y + 82. What is g(2)?
8
Let t(s) = 20*s + 86. Give t(-6).
-34
Let m(g) = -2*g - 88. Give m(-20).
-48
Let a(z) = -45*z + 609. Give a(14).
-21
Let p(l) = -838*l - 30173. What is p(-36)?
-5
Let v(o) = -o**2 + 57*o + 592. Calculate v(-9).
-2
Let a(m) = m**2. What is a(-3)?
9
Let k(q) = -26*q + 38. Calculate k(7).
-144
Let t(d) = -1205*d - 8448. What is t(-7)?
-13
Let r(m) = 7*m**2 - 9*m + 229. Calculate r(7).
509
Let y(h) = h**2 + 34*h - 828. Determine y(-50).
-28
Let r(z) = z**2 - z + 102. Give r(12).
234
Let a(q) = -4*q**2 - 19*q + 21. What is a(12)?
-783
Let s(r) = -2*r**2 - 21*r - 64. What is s(-14)?
-162
Let g(y) = 38*y - 245. Determine g(6).
-17
Let n(t) = -6*t**3 + t**2 - 12*t + 9. Calculate n(1).
-8
Let n(k) = 2*k**2 - 48*k + 252. Give n(9).
-18
Let b(n) = -3*n**3 - 87*n**2 - 2*n - 56. Give b(-29).
2
Let m(p) = 8*p**2 - 21*p. Give m(2).
-10
Let q(v) = v**3 - 17*v**2 + 71*v - 1. Determine q(8).
-9
Let k(w) = -230*w - 63. What is k(0)?
-63
Let u(j) = -2*j**3 - 407*j**2 - 204*j - 189. Give u(-203).
14
Let j(q) = q**2 + 10*q + 52. Cal